, 3, 11, 37, 18731
What are the prime factors of 2954521437?
3, 7, 347, 373, 1087
List the prime factors of 6476148230.
2, 5, 647614823
What are the prime factors of 37435927?
23, 1627649
What are the prime factors of 9670466?
2, 13, 371941
List the prime factors of 286066724.
2, 71516681
List the prime factors of 67626815.
5, 13525363
What are the prime factors of 76930565?
5, 109, 141157
What are the prime factors of 1392436992?
2, 3, 823, 2203
List the prime factors of 525074136.
2, 3, 21878089
What are the prime factors of 130888606?
2, 19, 107, 32191
List the prime factors of 70648428.
2, 3, 419, 14051
What are the prime factors of 337066300?
2, 5, 37, 91099
List the prime factors of 41832992.
2, 1307281
What are the prime factors of 28981727?
373, 77699
What are the prime factors of 12569762?
2, 1987, 3163
What are the prime factors of 1269358179?
3, 423119393
List the prime factors of 3625040029.
13, 21449941
List the prime factors of 264202040.
2, 5, 47, 140533
What are the prime factors of 101492292?
2, 3, 11, 768881
List the prime factors of 2978512924.
2, 467, 1237, 1289
What are the prime factors of 8634874?
2, 4317437
List the prime factors of 380152974.
2, 3, 63358829
List the prime factors of 230368444.
2, 57592111
What are the prime factors of 43006916?
2, 10751729
List the prime factors of 765496313.
765496313
What are the prime factors of 18707561?
109, 171629
What are the prime factors of 35086673?
19, 83, 1171
What are the prime factors of 160782916?
2, 7, 820321
List the prime factors of 66211901.
7, 29, 61, 5347
What are the prime factors of 58063359?
3, 19354453
What are the prime factors of 87428226?
2, 3, 101, 144271
What are the prime factors of 46970517?
3, 11, 29, 49081
List the prime factors of 1251471176.
2, 19, 521, 15803
What are the prime factors of 20901862?
2, 19, 550049
List the prime factors of 2983224680.
2, 5, 74580617
List the prime factors of 156013647.
3, 881, 59029
List the prime factors of 1160661000.
2, 3, 5, 386887
What are the prime factors of 216731746?
2, 7, 11, 19, 74071
List the prime factors of 690777434.
2, 797, 433361
What are the prime factors of 131878017?
3, 41, 119131
What are the prime factors of 408933947?
293, 1395679
What are the prime factors of 344800670?
2, 5, 61, 565247
What are the prime factors of 460118274?
2, 3, 7, 11, 995927
What are the prime factors of 701092620?
2, 3, 5, 41, 94999
What are the prime factors of 864917924?
2, 13, 19, 29, 30187
What are the prime factors of 59683698?
2, 3, 3315761
What are the prime factors of 432821824?
2, 19, 355939
List the prime factors of 24557354.
2, 313, 39229
List the prime factors of 5318949060.
2, 3, 5, 37, 798641
List the prime factors of 110583017.
193, 572969
List the prime factors of 91317594.
2, 3, 1291, 11789
What are the prime factors of 54477111?
3, 13, 1396849
List the prime factors of 31520972.
2, 7, 751, 1499
What are the prime factors of 1138874807?
7, 31, 823, 911
What are the prime factors of 1790764723?
11, 607, 268199
What are the prime factors of 146483761?
146483761
List the prime factors of 20077864.
2, 41, 1493
List the prime factors of 16697063.
211, 79133
What are the prime factors of 13591215?
3, 5, 11, 27457
What are the prime factors of 8538353?
19, 53, 61, 139
List the prime factors of 304256483.
304256483
What are the prime factors of 82601528?
2, 10325191
List the prime factors of 284269089.
3, 13, 19, 61, 331
List the prime factors of 1195879558.
2, 7901, 75679
List the prime factors of 86928431.
23, 1361, 2777
What are the prime factors of 44954475?
3, 5, 19, 31547
What are the prime factors of 3813074753?
97, 39310049
What are the prime factors of 6915870?
2, 3, 5, 13, 23, 257
What are the prime factors of 685308445?
5, 137061689
What are the prime factors of 417127606?
2, 7, 17, 43, 40759
What are the prime factors of 58011345?
3, 5, 7, 26309
List the prime factors of 1064579993.
1064579993
What are the prime factors of 89937141?
3, 7, 281, 15241
What are the prime factors of 2324727571?
2324727571
What are the prime factors of 883616208?
2, 3, 17, 23, 89
What are the prime factors of 3386580898?
2, 1693290449
List the prime factors of 108553065.
3, 5, 67, 108013
List the prime factors of 3642411.
3, 1214137
List the prime factors of 46518369.
3, 1019, 15217
What are the prime factors of 113938932?
2, 3, 9494911
What are the prime factors of 50999699?
821, 62119
List the prime factors of 96474449.
31, 263, 11833
List the prime factors of 1835169194.
2, 1103, 831899
List the prime factors of 33253595.
5, 563, 11813
List the prime factors of 3392879748.
2, 3, 282739979
What are the prime factors of 186948046?
2, 47, 107, 18587
What are the prime factors of 1489178517?
3, 496392839
What are the prime factors of 1074447317?
18787, 57191
List the prime factors of 5596646312.
2, 263, 2660003
What are the prime factors of 275450353?
19, 14497387
What are the prime factors of 63999632?
2, 1117, 3581
List the prime factors of 121887671.
17, 43, 166741
What are the prime factors of 4529583703?
701, 1481, 4363
List the prime factors of 2144748681.
3, 4751, 50159
List the prime factors of 850613038.
2, 11, 227, 170327
List the prime factors of 1318396742.
2, 13, 50707567
What are the prime factors of 647790323?
59, 499, 22003
What are the prime factors of 1042781933?
1042781933
What are the prime factors of 58942636?
2, 19, 40819
What are the prime factors of 99991450?
2, 5, 13, 17, 9049
List the prime factors of 7919448659.
197, 701, 57347
What are the prime factors of 173916618?
2, 3, 28986103
What are the prime factors of 46453219?
3299, 14081
List the prime factors of 6650759951.
11, 5381, 112361
List the prime factors of 4079574834.
2, 3, 679929139
List the prime factors of 85240100.
2, 5, 11, 77491
List the prime factors of 552062104.
2, 11, 6273433
What are the prime factors of 54852418?
2, 59, 173, 2687
List the prime factors of 115600035.
3, 5, 7706669
List the prime factors of 51634554.
2, 3, 1499, 5741
List the prime factors of 51862400.
2, 5, 19, 853
What are the prime factors of 4561123?
7, 31, 21019
What are the prime factors of 6834042859?
7, 6491, 150407
List the prime factors of 1433189602.
2, 13, 55122677
What are the prime factors of 61258561?
7, 13, 353, 1907
What are the prime factors of 48458185?
5, 727, 13331
List the prime factors of 6491404.
2, 1259, 1289
What are the prime factors of 2433163262?
2, 1216581631
What are the prime factors of 2210403044?
2, 31, 47, 379273
What are the prime factors of 22486606?
2, 11243303
List the prime factors of 884243367.
3, 7, 97, 2953
What are the prime factors of 1399188688?
2, 6199, 14107
List the prime factors of 83410855.
5, 11, 19, 4201
What are the prime factors of 237053064?
2, 3, 9877211
What are the prime factors of 70718811?
3, 23572937
List the prime factors of 306740410.
2, 5, 59, 79, 6581
What are the prime factors of 633561163?
647, 979229
List the prime factors of 6616901641.
7, 135038809
What are the prime factors of 5963365?
5, 1192673
What are the prime factors of 319416174?
2, 3, 7, 11, 317, 727
List the prime factors of 444928333.
444928333
What are the prime factors of 59747813?
23, 163, 15937
What are the prime factors of 175996630?
2, 5, 17599663
What are the prime factors of 2988796492?
2, 11, 29, 463, 5059
What are the prime factors of 183155190?
2, 3, 5, 439, 13907
List the prime factors of 23006508.
2, 3, 7, 17, 16111
What are the prime factors of 196173486?
2, 3, 23, 613, 773
List the prime factors of 3026481662.
2, 1513240831
List the prime factors of 119916416.
2, 271, 3457
List the prime factors of 1535414803.
13, 43, 2746717
List the prime factors of 4981784.
2, 622723
List the prime factors of 2591027786.
2, 23, 37, 1522343
List the prime factors of 3342696145.
5, 17, 23, 97, 17627
List the prime factors of 5422134010.
2, 5, 542213401
List the prime factors of 19651143.
3, 137, 349
What are the prime factors of 188854756?
2, 19, 2484931
List the prime factors of 472917579.
3, 73, 439, 4919
List the prime factors of 1233322010.
2, 5, 123332201
List the prime factors of 222243223.
222243223
List the prime factors of 213032591.
213032591
List the prime factors of 359733076.
2, 89933269
What are the prime factors of 